{"id":333,"date":"2021-09-02T18:56:29","date_gmt":"2021-09-02T16:56:29","guid":{"rendered":"https:\/\/skgroupe-auto.fr\/?page_id=333"},"modified":"2021-09-10T12:45:21","modified_gmt":"2021-09-10T10:45:21","slug":"actualite","status":"publish","type":"page","link":"https:\/\/skgroupe-auto.fr\/index.php\/actualite\/","title":{"rendered":"Actualit\u00e9"},"content":{"rendered":"\t\t<div data-elementor-type=\"wp-page\" data-elementor-id=\"333\" class=\"elementor elementor-333\" data-elementor-settings=\"[]\">\n\t\t\t\t\t\t\t<div class=\"elementor-section-wrap\">\n\t\t\t\t\t\t\t<section class=\"elementor-section elementor-top-section elementor-element elementor-element-696794a0 elementor-section-boxed elementor-section-height-default elementor-section-height-default\" data-id=\"696794a0\" data-element_type=\"section\" data-settings=\"{&quot;background_background&quot;:&quot;classic&quot;}\">\n\t\t\t\t\t\t<div class=\"elementor-container elementor-column-gap-default\">\n\t\t\t\t\t<div class=\"elementor-column elementor-col-100 elementor-top-column elementor-element elementor-element-5eb91740\" data-id=\"5eb91740\" data-element_type=\"column\">\n\t\t\t<div class=\"elementor-widget-wrap elementor-element-populated\">\n\t\t\t\t\t\t\t\t<div class=\"elementor-element elementor-element-5cfbdadd elementor-widget-divider--view-line_text elementor-widget-divider--element-align-center elementor-widget elementor-widget-divider\" data-id=\"5cfbdadd\" data-element_type=\"widget\" data-widget_type=\"divider.default\">\n\t\t\t\t<div class=\"elementor-widget-container\">\n\t\t\t\t\t<div class=\"elementor-divider\">\n\t\t\t<span class=\"elementor-divider-separator\">\n\t\t\t\t\t\t\t<span class=\"elementor-divider__text elementor-divider__element\">\n\t\t\t\tD\u00c9COUVREZ\t\t\t\t<\/span>\n\t\t\t\t\t\t<\/span>\n\t\t<\/div>\n\t\t\t\t<\/div>\n\t\t\t\t<\/div>\n\t\t\t\t<div class=\"elementor-element elementor-element-784c0bbe elementor-widget elementor-widget-heading\" data-id=\"784c0bbe\" data-element_type=\"widget\" data-widget_type=\"heading.default\">\n\t\t\t\t<div class=\"elementor-widget-container\">\n\t\t\t<h2 class=\"elementor-heading-title elementor-size-default\">Notre Actualit\u00e9 <\/h2>\t\t<\/div>\n\t\t\t\t<\/div>\n\t\t\t\t<div class=\"elementor-element elementor-element-6cf3e40e elementor-widget-divider--view-line elementor-widget elementor-widget-divider\" data-id=\"6cf3e40e\" data-element_type=\"widget\" data-widget_type=\"divider.default\">\n\t\t\t\t<div class=\"elementor-widget-container\">\n\t\t\t\t\t<div class=\"elementor-divider\">\n\t\t\t<span class=\"elementor-divider-separator\">\n\t\t\t\t\t\t<\/span>\n\t\t<\/div>\n\t\t\t\t<\/div>\n\t\t\t\t<\/div>\n\t\t\t\t\t<\/div>\n\t\t<\/div>\n\t\t\t\t\t\t\t<\/div>\n\t\t<\/section>\n\t\t\t\t<section class=\"elementor-section elementor-top-section elementor-element elementor-element-d7104b4 elementor-section-boxed elementor-section-height-default elementor-section-height-default\" data-id=\"d7104b4\" data-element_type=\"section\">\n\t\t\t\t\t\t<div class=\"elementor-container elementor-column-gap-default\">\n\t\t\t\t\t<div class=\"elementor-column elementor-col-100 elementor-top-column elementor-element elementor-element-14e62e6\" data-id=\"14e62e6\" data-element_type=\"column\">\n\t\t\t<div class=\"elementor-widget-wrap elementor-element-populated\">\n\t\t\t\t\t\t\t\t<div class=\"elementor-element elementor-element-7d410ee elementor-posts--align-left elementor-grid-3 elementor-grid-tablet-2 elementor-grid-mobile-1 elementor-posts--thumbnail-top elementor-card-shadow-yes elementor-posts__hover-gradient elementor-widget elementor-widget-posts\" data-id=\"7d410ee\" data-element_type=\"widget\" data-settings=\"{&quot;cards_columns&quot;:&quot;3&quot;,&quot;cards_columns_tablet&quot;:&quot;2&quot;,&quot;cards_columns_mobile&quot;:&quot;1&quot;,&quot;cards_row_gap&quot;:{&quot;unit&quot;:&quot;px&quot;,&quot;size&quot;:35,&quot;sizes&quot;:[]}}\" data-widget_type=\"posts.cards\">\n\t\t\t\t<div class=\"elementor-widget-container\">\n\t\t\t\t\t<div class=\"elementor-posts-container elementor-posts elementor-posts--skin-cards elementor-grid\">\n\t\t\t\t<article class=\"elementor-post elementor-grid-item post-669 post type-post status-publish format-standard has-post-thumbnail hentry category-non-classe\">\n\t\t\t<div class=\"elementor-post__card\">\n\t\t\t\t<a class=\"elementor-post__thumbnail__link\" href=\"https:\/\/skgroupe-auto.fr\/index.php\/2021\/09\/17\/comment-exporter-une-voiture-neuve-avec-le-certificat-de-changement-de-residence-ccr-ou-demenagement-en-algerie\/\" >\n\t\t\t<div class=\"elementor-post__thumbnail\"><img width=\"300\" height=\"169\" src=\"https:\/\/skgroupe-auto.fr\/wp-content\/uploads\/2021\/09\/Importation-de-vehicule-300x169.jpg\" class=\"attachment-medium size-medium\" alt=\"\" loading=\"lazy\" srcset=\"https:\/\/skgroupe-auto.fr\/wp-content\/uploads\/2021\/09\/Importation-de-vehicule-300x169.jpg 300w, https:\/\/skgroupe-auto.fr\/wp-content\/uploads\/2021\/09\/Importation-de-vehicule-768x434.jpg 768w, https:\/\/skgroupe-auto.fr\/wp-content\/uploads\/2021\/09\/Importation-de-vehicule-600x339.jpg 600w, https:\/\/skgroupe-auto.fr\/wp-content\/uploads\/2021\/09\/Importation-de-vehicule.jpg 919w\" sizes=\"(max-width: 300px) 100vw, 300px\" \/><\/div>\n\t\t<\/a>\n\t\t\t\t<div class=\"elementor-post__badge\">Non class\u00e9<\/div>\n\t\t\t\t<div class=\"elementor-post__text\">\n\t\t\t\t<h3 class=\"elementor-post__title\">\n\t\t\t<a href=\"https:\/\/skgroupe-auto.fr\/index.php\/2021\/09\/17\/comment-exporter-une-voiture-neuve-avec-le-certificat-de-changement-de-residence-ccr-ou-demenagement-en-algerie\/\" >\n\t\t\t\tComment exporter une voiture neuve avec le Certificat de changement de r\u00e9sidence (CCR) ou D\u00e9m\u00e9nagement en Alg\u00e9rie\t\t\t<\/a>\n\t\t<\/h3>\n\t\t\t\t<div class=\"elementor-post__excerpt\">\n\t\t\t<p>Comment importer un v\u00e9hicule neuf en Alg\u00e9rie avec le Certificat de changement de r\u00e9sidence (CCR) ou D\u00e9menagement pour l\u2019export d\u2019une voiture neuve en Alg\u00e9rie au<\/p>\n\t\t<\/div>\n\t\t\t\t\t<a class=\"elementor-post__read-more\" href=\"https:\/\/skgroupe-auto.fr\/index.php\/2021\/09\/17\/comment-exporter-une-voiture-neuve-avec-le-certificat-de-changement-de-residence-ccr-ou-demenagement-en-algerie\/\" >\n\t\t\t\tLire plus \u00bb\t\t\t<\/a>\n\t\t\t\t<\/div>\n\t\t\t\t<div class=\"elementor-post__meta-data\">\n\t\t\t\t\t<span class=\"elementor-post-date\">\n\t\t\t17 septembre 2021\t\t<\/span>\n\t\t\t\t<span class=\"elementor-post-avatar\">\n\t\t\tAucun commentaire\t\t<\/span>\n\t\t\t\t<\/div>\n\t\t\t\t\t<\/div>\n\t\t<\/article>\n\t\t\t\t<article class=\"elementor-post elementor-grid-item post-1 post type-post status-publish format-standard has-post-thumbnail hentry category-non-classe\">\n\t\t\t<div class=\"elementor-post__card\">\n\t\t\t\t<a class=\"elementor-post__thumbnail__link\" href=\"https:\/\/skgroupe-auto.fr\/index.php\/2021\/08\/27\/bonjour-tout-le-monde\/\" >\n\t\t\t<div class=\"elementor-post__thumbnail\"><img width=\"300\" height=\"169\" src=\"https:\/\/skgroupe-auto.fr\/wp-content\/uploads\/2021\/08\/importation-voitures-algerie-ministre-industrie-apporte-precisions-300x169.jpg\" class=\"attachment-medium size-medium\" alt=\"\" loading=\"lazy\" srcset=\"https:\/\/skgroupe-auto.fr\/wp-content\/uploads\/2021\/08\/importation-voitures-algerie-ministre-industrie-apporte-precisions-300x169.jpg 300w, https:\/\/skgroupe-auto.fr\/wp-content\/uploads\/2021\/08\/importation-voitures-algerie-ministre-industrie-apporte-precisions-1024x576.jpg 1024w, https:\/\/skgroupe-auto.fr\/wp-content\/uploads\/2021\/08\/importation-voitures-algerie-ministre-industrie-apporte-precisions-768x432.jpg 768w, https:\/\/skgroupe-auto.fr\/wp-content\/uploads\/2021\/08\/importation-voitures-algerie-ministre-industrie-apporte-precisions-600x338.jpg 600w, https:\/\/skgroupe-auto.fr\/wp-content\/uploads\/2021\/08\/importation-voitures-algerie-ministre-industrie-apporte-precisions.jpg 1280w\" sizes=\"(max-width: 300px) 100vw, 300px\" \/><\/div>\n\t\t<\/a>\n\t\t\t\t<div class=\"elementor-post__badge\">Non class\u00e9<\/div>\n\t\t\t\t<div class=\"elementor-post__text\">\n\t\t\t\t<h3 class=\"elementor-post__title\">\n\t\t\t<a href=\"https:\/\/skgroupe-auto.fr\/index.php\/2021\/08\/27\/bonjour-tout-le-monde\/\" >\n\t\t\t\tAlg\u00e9rie : qui peut importer un v\u00e9hicule ?\t\t\t<\/a>\n\t\t<\/h3>\n\t\t\t\t<div class=\"elementor-post__excerpt\">\n\t\t\t<p>En&nbsp;Alg\u00e9rie, les&nbsp;importations&nbsp;de voitures neuves sont suspendues depuis l\u2019ann\u00e9e&nbsp;2018. Les usines de montage automobile sont \u00e0 l\u2019arr\u00eat&nbsp;depuis plusieurs mois. R\u00e9sultat&nbsp;: les prix des v\u00e9hicules d\u2019occasion flambent.<\/p>\n\t\t<\/div>\n\t\t\t\t\t<a class=\"elementor-post__read-more\" href=\"https:\/\/skgroupe-auto.fr\/index.php\/2021\/08\/27\/bonjour-tout-le-monde\/\" >\n\t\t\t\tLire plus \u00bb\t\t\t<\/a>\n\t\t\t\t<\/div>\n\t\t\t\t<div class=\"elementor-post__meta-data\">\n\t\t\t\t\t<span class=\"elementor-post-date\">\n\t\t\t27 ao\u00fbt 2021\t\t<\/span>\n\t\t\t\t<span class=\"elementor-post-avatar\">\n\t\t\tUn commentaire\t\t<\/span>\n\t\t\t\t<\/div>\n\t\t\t\t\t<\/div>\n\t\t<\/article>\n\t\t\t\t<\/div>\n\t\t\t\t<\/div>\n\t\t\t\t<\/div>\n\t\t\t\t\t<\/div>\n\t\t<\/div>\n\t\t\t\t\t\t\t<\/div>\n\t\t<\/section>\n\t\t\t\t\t\t<\/div>\n\t\t\t\t\t<\/div>\n\t\t","protected":false},"excerpt":{"rendered":"<p>D\u00c9COUVREZ Notre Actualit\u00e9<\/p>\n","protected":false},"author":1,"featured_media":0,"parent":0,"menu_order":0,"comment_status":"closed","ping_status":"closed","template":"","meta":[],"yoast_head":"<!-- This site is optimized with the Yoast SEO plugin v17.6 - https:\/\/yoast.com\/wordpress\/plugins\/seo\/ -->\n<title>Actualit\u00e9 - SK GROUPE<\/title>\n<meta name=\"robots\" content=\"index, follow, max-snippet:-1, max-image-preview:large, max-video-preview:-1\" \/>\n<link rel=\"canonical\" href=\"https:\/\/skgroupe-auto.fr\/index.php\/actualite\/\" \/>\n<meta property=\"og:locale\" content=\"fr_FR\" \/>\n<meta property=\"og:type\" content=\"article\" \/>\n<meta property=\"og:title\" content=\"Actualit\u00e9 - SK GROUPE\" \/>\n<meta property=\"og:description\" content=\"D\u00c9COUVREZ Notre Actualit\u00e9\" \/>\n<meta property=\"og:url\" content=\"https:\/\/skgroupe-auto.fr\/index.php\/actualite\/\" \/>\n<meta property=\"og:site_name\" content=\"SK GROUPE\" \/>\n<meta property=\"article:modified_time\" content=\"2021-09-10T10:45:21+00:00\" \/>\n<meta name=\"twitter:card\" content=\"summary_large_image\" \/>\n<script type=\"application\/ld+json\" class=\"yoast-schema-graph\">{\"@context\":\"https:\/\/schema.org\",\"@graph\":[{\"@type\":\"Organization\",\"@id\":\"https:\/\/skgroupe-auto.fr\/#organization\",\"name\":\"skgroupe auto\",\"url\":\"https:\/\/skgroupe-auto.fr\/\",\"sameAs\":[],\"logo\":{\"@type\":\"ImageObject\",\"@id\":\"https:\/\/skgroupe-auto.fr\/#logo\",\"inLanguage\":\"fr-FR\",\"url\":\"https:\/\/skgroupe-auto.fr\/wp-content\/uploads\/2021\/09\/SKGROUPE-LOGO-sans-fond.png\",\"contentUrl\":\"https:\/\/skgroupe-auto.fr\/wp-content\/uploads\/2021\/09\/SKGROUPE-LOGO-sans-fond.png\",\"width\":2494,\"height\":930,\"caption\":\"skgroupe auto\"},\"image\":{\"@id\":\"https:\/\/skgroupe-auto.fr\/#logo\"}},{\"@type\":\"WebSite\",\"@id\":\"https:\/\/skgroupe-auto.fr\/#website\",\"url\":\"https:\/\/skgroupe-auto.fr\/\",\"name\":\"SK GROUPE\",\"description\":\"Vente de voiture Import\/Export\",\"publisher\":{\"@id\":\"https:\/\/skgroupe-auto.fr\/#organization\"},\"potentialAction\":[{\"@type\":\"SearchAction\",\"target\":{\"@type\":\"EntryPoint\",\"urlTemplate\":\"https:\/\/skgroupe-auto.fr\/?s={search_term_string}\"},\"query-input\":\"required name=search_term_string\"}],\"inLanguage\":\"fr-FR\"},{\"@type\":\"WebPage\",\"@id\":\"https:\/\/skgroupe-auto.fr\/index.php\/actualite\/#webpage\",\"url\":\"https:\/\/skgroupe-auto.fr\/index.php\/actualite\/\",\"name\":\"Actualit\\u00e9 - SK GROUPE\",\"isPartOf\":{\"@id\":\"https:\/\/skgroupe-auto.fr\/#website\"},\"datePublished\":\"2021-09-02T16:56:29+00:00\",\"dateModified\":\"2021-09-10T10:45:21+00:00\",\"breadcrumb\":{\"@id\":\"https:\/\/skgroupe-auto.fr\/index.php\/actualite\/#breadcrumb\"},\"inLanguage\":\"fr-FR\",\"potentialAction\":[{\"@type\":\"ReadAction\",\"target\":[\"https:\/\/skgroupe-auto.fr\/index.php\/actualite\/\"]}]},{\"@type\":\"BreadcrumbList\",\"@id\":\"https:\/\/skgroupe-auto.fr\/index.php\/actualite\/#breadcrumb\",\"itemListElement\":[{\"@type\":\"ListItem\",\"position\":1,\"name\":\"Accueil\",\"item\":\"https:\/\/skgroupe-auto.fr\/\"},{\"@type\":\"ListItem\",\"position\":2,\"name\":\"Actualit\\u00e9\"}]}]}<\/script>\n<!-- \/ Yoast SEO plugin. -->","yoast_head_json":{"title":"Actualit\u00e9 - SK GROUPE","robots":{"index":"index","follow":"follow","max-snippet":"max-snippet:-1","max-image-preview":"max-image-preview:large","max-video-preview":"max-video-preview:-1"},"canonical":"https:\/\/skgroupe-auto.fr\/index.php\/actualite\/","og_locale":"fr_FR","og_type":"article","og_title":"Actualit\u00e9 - SK GROUPE","og_description":"D\u00c9COUVREZ Notre Actualit\u00e9","og_url":"https:\/\/skgroupe-auto.fr\/index.php\/actualite\/","og_site_name":"SK GROUPE","article_modified_time":"2021-09-10T10:45:21+00:00","twitter_card":"summary_large_image","schema":{"@context":"https:\/\/schema.org","@graph":[{"@type":"Organization","@id":"https:\/\/skgroupe-auto.fr\/#organization","name":"skgroupe auto","url":"https:\/\/skgroupe-auto.fr\/","sameAs":[],"logo":{"@type":"ImageObject","@id":"https:\/\/skgroupe-auto.fr\/#logo","inLanguage":"fr-FR","url":"https:\/\/skgroupe-auto.fr\/wp-content\/uploads\/2021\/09\/SKGROUPE-LOGO-sans-fond.png","contentUrl":"https:\/\/skgroupe-auto.fr\/wp-content\/uploads\/2021\/09\/SKGROUPE-LOGO-sans-fond.png","width":2494,"height":930,"caption":"skgroupe auto"},"image":{"@id":"https:\/\/skgroupe-auto.fr\/#logo"}},{"@type":"WebSite","@id":"https:\/\/skgroupe-auto.fr\/#website","url":"https:\/\/skgroupe-auto.fr\/","name":"SK GROUPE","description":"Vente de voiture Import\/Export","publisher":{"@id":"https:\/\/skgroupe-auto.fr\/#organization"},"potentialAction":[{"@type":"SearchAction","target":{"@type":"EntryPoint","urlTemplate":"https:\/\/skgroupe-auto.fr\/?s={search_term_string}"},"query-input":"required name=search_term_string"}],"inLanguage":"fr-FR"},{"@type":"WebPage","@id":"https:\/\/skgroupe-auto.fr\/index.php\/actualite\/#webpage","url":"https:\/\/skgroupe-auto.fr\/index.php\/actualite\/","name":"Actualit\u00e9 - SK GROUPE","isPartOf":{"@id":"https:\/\/skgroupe-auto.fr\/#website"},"datePublished":"2021-09-02T16:56:29+00:00","dateModified":"2021-09-10T10:45:21+00:00","breadcrumb":{"@id":"https:\/\/skgroupe-auto.fr\/index.php\/actualite\/#breadcrumb"},"inLanguage":"fr-FR","potentialAction":[{"@type":"ReadAction","target":["https:\/\/skgroupe-auto.fr\/index.php\/actualite\/"]}]},{"@type":"BreadcrumbList","@id":"https:\/\/skgroupe-auto.fr\/index.php\/actualite\/#breadcrumb","itemListElement":[{"@type":"ListItem","position":1,"name":"Accueil","item":"https:\/\/skgroupe-auto.fr\/"},{"@type":"ListItem","position":2,"name":"Actualit\u00e9"}]}]}},"_links":{"self":[{"href":"https:\/\/skgroupe-auto.fr\/index.php\/wp-json\/wp\/v2\/pages\/333"}],"collection":[{"href":"https:\/\/skgroupe-auto.fr\/index.php\/wp-json\/wp\/v2\/pages"}],"about":[{"href":"https:\/\/skgroupe-auto.fr\/index.php\/wp-json\/wp\/v2\/types\/page"}],"author":[{"embeddable":true,"href":"https:\/\/skgroupe-auto.fr\/index.php\/wp-json\/wp\/v2\/users\/1"}],"replies":[{"embeddable":true,"href":"https:\/\/skgroupe-auto.fr\/index.php\/wp-json\/wp\/v2\/comments?post=333"}],"version-history":[{"count":22,"href":"https:\/\/skgroupe-auto.fr\/index.php\/wp-json\/wp\/v2\/pages\/333\/revisions"}],"predecessor-version":[{"id":552,"href":"https:\/\/skgroupe-auto.fr\/index.php\/wp-json\/wp\/v2\/pages\/333\/revisions\/552"}],"wp:attachment":[{"href":"https:\/\/skgroupe-auto.fr\/index.php\/wp-json\/wp\/v2\/media?parent=333"}],"curies":[{"name":"wp","href":"https:\/\/api.w.org\/{rel}","templated":true}]}}